f**2 - 2. What is g(3)?
-2
Suppose 3*z = 4*z + 3. Let q be (4/6)/((-2)/z). Let y(h) be the second derivative of h**3/2 + h. Calculate y(q).
3
Let x(a) = -a**2 - 2*a + 7. Let t be (-5)/((-4)/(1 - 5)). What is x(t)?
-8
Let f(j) = j - 5. Let s be f(9). Let i be (-12)/s - 0/(-3). Let a(y) = -y**3 - 3*y**2 + 4*y + 3. Calculate a(i).
-9
Let b(d) be the first derivative of -1/6*d**3 - 1/12*d**4 + 0*d - 2 - 1/15*d**5 - 1/2*d**2. Let i(c) be the second derivative of b(c). What is i(-1)?
-3
Let p(x) = x**3 - 4*x**2 - x + 5. Let k be p(4). Let b(l) = -15*l**2 + 2. Let u(g) = -7*g**2 + 1. Let q(m) = 6*b(m) - 13*u(m). Determine q(k).
0
Let j(t) = t**2 - t**3 - 5*t - 1 + 2 + 3*t. Suppose 0 = -u - 2*y + 11, 4*u - 4*y - 1 = -5. Suppose 3*x + 3*b = -2*x - 7, -u*x - b - 1 = 0. Calculate j(x).
-1
Let j(o) be the third derivative of o**5/30 - 7*o**4/24 + o**3 + 11*o**2. What is j(5)?
21
Let b(q) = -q + 2. Let k be 3*(-3)/(9/2). Let l be 5 - k/(-4 - -3). Suppose 0*x - 13 = -4*w - l*x, x = 3*w. Determine b(w).
1
Let q(i) = -i**3 - i. Let y(r) = -2*r**3 - 7*r + 3. Suppose 0 = -s + 4 - 5. Let d(p) = s*y(p) + 3*q(p). What is d(2)?
-3
Let v(o) be the first derivative of o**3 + o**2 + o + 1. Let s = 7 + -2. Suppose -4*d - s + 1 = 0. What is v(d)?
2
Let w(x) = -x**2 - 12*x + 2. Let u(j) = -13*j**2 + 2*j + 3. Let b be u(-1). Calculate w(b).
2
Let l(o) = o**2 - 4*o - 9. Let b = 29 + -22. Give l(b).
12
Let v(z) be the second derivative of -z**5/20 + 7*z**4/12 - 7*z**3/6 + z**2/2 + 4*z. Give v(6).
-5
Let s(v) = -v**3 - 10*v**2 + 5. Let d be s(-10). Let n(b) = 4*b - 4. What is n(d)?
16
Suppose -4 = -3*p - 16. Let x(w) = w**2 + 3*w - 1. Let q be x(p). Suppose o = q*o - 10. Let b(m) = -2*m + 1. What is b(o)?
-9
Let u(p) = 9*p**2 - 11*p - 2. Let q(i) = 4*i**2 - 5*i - 1. Let b(w) = -5*q(w) + 2*u(w). Give b(-2).
-13
Let s(r) be the first derivative of r**3/3 + 3*r**2/2 + 2*r - 1. Let z(c) = -c**2 + 6*c + 11. Let j be z(8). Let v = 3 + j. Give s(v).
0
Let k(v) = 6*v - 37. Let g be k(5). Let o(c) = -2*c - 10. Give o(g).
4
Let y = 2 + -1. Let z = -1 + y. Let f(r) = r**2 + r + 2. Let l be f(z). Let i(c) = 2*c**3 - c**2 - 3*c + 1. Give i(l).
7
Let m(s) be the second derivative of -1/6*s**3 + 0*s**4 - 7*s + 1/20*s**5 - 5/2*s**2 + 0. Give m(0).
-5
Let r(l) = -l**2 - 5*l - 8. Let h(d) = 2*d**2 + 9*d + 16. Let p(a) = 2*h(a) + 5*r(a). What is p(-7)?
-8
Let d(i) = i**3 + 4*i**2 + i + 4. Let x(n) = n - 1. Let y(s) = s**2 + 5*s - 3. Let c be y(-5). Let w be x(c). What is d(w)?
0
Let a(x) = -2*x. Let s = 1 - 2. Let z(t) = 2 - 3 + 2. Let k(m) = s*a(m) + 2*z(m). Calculate k(-3).
-4
Let p(f) be the first derivative of f**5/60 + 3*f**2/2 + 2. Let i(n) be the second derivative of p(n). Determine i(1).
1
Let t(d) be the second derivative of d**7/840 - d**6/120 - d**5/120 + d**4/8 - d**3/2 - 8*d. Let m(c) be the second derivative of t(c). Calculate m(3).
0
Let t(j) = 2*j**2 + 6*j - 4. Let p(g) = -5*g**2 - 12*g + 7. Let u(d) = -3*p(d) - 7*t(d). Suppose 2*b + 5*l = 0, -3*b + 5 = 8*l - 3*l. What is u(b)?
2
Let w(p) = -p**3 - 4*p**2 + p + 3. Let c be w(-4). Let t(f) = -8*f. Calculate t(c).
8
Let c(d) = -d**2 + 2*d**2 + 3 - 7 - d + 3. Determine c(0).
-1
Suppose -5*u - 3*w + 9 = -9, 10 = 3*u + w. Let k(o) = 284*o**3 - 2*o**2 - 283*o**3 - o**2 + o. Calculate k(u).
3
Let i(r) = -r**3 + 4*r**2 + 3*r - 5. Let h be i(5). Let k be 13/5 - 6/h. Let m(n) = -2*n + 6. Let v(z) = -z + 1. Let p(j) = -m(j) + 3*v(j). Calculate p(k).
-6
Let l(u) = u**3 + 6*u**3 - 1 - 6*u**3. Give l(2).
7
Let k(n) = 3*n**3 - 7*n**2 + 4*n - 6. Let m(o) = -o**3 + o**2 - o + 1. Let d(b) = k(b) + 2*m(b). What is d(5)?
6
Let f(n) = 4*n - n**3 - 5*n**2 - n**2 - 3 + 2*n**2. Let k be 1/(2*2/(-20)). Give f(k).
2
Let v(a) = -a + 74 - 74. Give v(-6).
6
Let h(w) = w**3 + 1 - 2*w + 2 - 3. Determine h(-2).
-4
Let v(i) be the first derivative of i**2 + 7*i - 8. What is v(-6)?
-5
Let r(y) = -y - 3. Let q(d) be the first derivative of -d**4/4 - 2*d**3 + d - 3. Let b be q(-6). Let i be 4 - ((-1)/b + 2). Determine r(i).
-6
Let d(q) be the third derivative of q**4/8 + 4*q**3/3 + 33*q**2. What is d(-7)?
-13
Let i(l) be the third derivative of -1/15*l**5 - 1/120*l**6 - 1/24*l**4 - 2/3*l**3 + 0*l + 0 - 3*l**2. Give i(-4).
0
Let f(y) be the second derivative of y**5/20 - 5*y**4/12 - 7*y**3/6 + 3*y**2/2 - 60*y. Give f(6).
-3
Let r(w) = -w + 8. Let a be 5*2*(-12)/(-15). What is r(a)?
0
Let q(j) = 3*j**3 + j. Suppose 0*d - 25 = -4*c - 5*d, -c + 4*d = -1. Suppose -c*w + 4 = -11. Suppose 0 = 3*i - 3*n + 9, w*n + 13 = 5*i + 5*n. Determine q(i).
4
Let f(g) = g**3 - 7*g**2 - 9*g + 11. Let l be f(8). Suppose 2*d - l + 1 = -3*y, 2 = 2*d + 5*y. Let n(u) = 0*u - d + u - 4. Give n(4).
-1
Let g(p) = p**2 - 3*p + 3. Let i = -101 + 105. Calculate g(i).
7
Suppose 3*a - a - 21 = -5*b, 2*b - 4*a = -6. Let h be 2/2 - (2 + b). Let x(w) = w - 4. Let c(f) = f - 4. Let v(d) = h*c(d) + 3*x(d). Give v(3).
1
Let m(k) = k**3 - 3*k**2 - 3*k + 6. Let j(r) = -r**3 + 2*r**2 + 2*r - 5. Let g(l) = -6*j(l) - 5*m(l). Suppose 8*s + 132 = 116. Determine g(s).
-2
Let k(i) = -2*i**3 - i**2 + 7*i + 2. Let a(w) = -10*w**3 - 4*w**2 + 36*w + 9. Let z(c) = 2*a(c) - 11*k(c). Calculate z(-3).
-16
Suppose 3*k + 2 = d + 7, -5*k = -3*d - 7. Let q(i) = 0 - 2*i - 2*i - k. Calculate q(-2).
6
Let h(i) = -64*i**2 + 44*i**2 + 2*i - i. Calculate h(-1).
-21
Let w = -10 - -5. Let x(y) = y**2 + 7*y - 4. Let o(v) = -3*v**2 - 22*v + 13. Let q(f) = -2*o(f) - 7*x(f). What is q(w)?
2
Let g(f) = -2*f + 4. Let s = 65 + -69. What is g(s)?
12
Suppose r - 1 - 4 = 2*s, -3*s - 3 = 3*r. Let q(k) = -5*k**2 + 2*k - 1. Calculate q(s).
-25
Let a(q) = -q**3 - 7*q**2 - q - 2. Let l be a(-7). Let j = l + 0. Suppose 0 = y - j. Let k(r) = -r + 7. Calculate k(y).
2
Let w(a) be the second derivative of 7/2*a**2 + 3*a - 1/20*a**5 + 0 + 7/12*a**4 - 7/6*a**3. Suppose 0 = 5*p + 15 - 45. Calculate w(p).
1
Let f(c) = c**3 + 8*c**2 - 9*c - 4. Let b(s) = 2*s**3 + 15*s**2 - 17*s - 8. Let o(g) = -4*b(g) + 7*f(g). Determine o(-5).
4
Suppose 4*x + x = -5. Let l(i) = 2*i**3 - 2*i**2 + 1. Give l(x).
-3
Suppose 5*s + 7 = -3*l, -3*s + 17 = -3*l + 2*s. Let c(f) = 4*f**2 + 7*f - 4 + 7 - 3*f**2. Determine c(l).
-9
Suppose 5*m - 3*j - 10 = -8*j, 4*m + 3*j - 12 = 0. Let r be ((-8)/m)/(2/(-6)). Let h = 5 - r. Let x(i) = 2*i**2 + 1. What is x(h)?
3
Let u(p) = p. Let r(t) = t**2 - 7*t - 4. Let q(m) = -r(m) - 6*u(m). What is q(4)?
-8
Let g(s) be the third derivative of -s**5/30 - s**4/12 + s**3/6 - s**2 - 7*s. Let x be -4 - (-3)/6*2. Calculate g(x).
-11
Let d(p) = -p**3 + 4*p**2 - 2*p + 6. Suppose 0 = -7*v + 15 + 13. Determine d(v).
-2
Let r(d) = d - 7. Let b be (-4)/(-6) - (-20)/(-30). Give r(b).
-7
Let m(v) = v**3 + 13*v**2 - 6*v - 8. Let q(c) = c**3 + 14*c**2 - 5*c - 7. Let z(b) = -6*m(b) + 5*q(b). Calculate z(-9).
-5
Let v(y) = -2*y**3 - y**2 - 3*y + 13. Let h(s) = 3*s**3 + s**2 + 4*s - 13. Let d(w) = 3*h(w) + 4*v(w). Let i(a) = 14*a + 14. Let l be i(-1). Calculate d(l).
13
Let a(g) be the third derivative of g**4/24 - g**3/3 - 4*g**2. Give a(2).
0
Let c be 2/(-4)*(1 - -1). Let o(r) = -3*r - 6. Let f(i) = -i. Let y(l) = c*f(l) + o(l). Suppose 4*u = -4*t - 12, -5*t + 0*u = u + 23. What is y(t)?
4
Let z(w) = w**3 + 6*w**2. Suppose 2*d + 14 = 4. Let k(i) = i**3 + 4*i**2 - 5*i - 6. Let g be k(d). Determine z(g).
0
Let f(g) be the second derivative of -g**3/6 + g**2/2 + 3*g. Determine f(-2).
3
Let i(z) be the second derivative of -z**3/2 - 2*z. What is i(-2)?
6
Let j(v) = 5*v**2 - 5*v - 6*v**2 - 6 + 0*v**2. Let f = -23 + 42. Suppose -5*g = -2*y + 10, -4*y + g + 3 = f. What is j(y)?
-6
Let q(x) = -26 + 20 - 4*x**3 + 6*x - 33*x**2 + 40*x**2 + 5*x**3. Let w(z) = z**3 + 6*z**2 + z + 1. Let u be w(-6). Determine q(u).
14
Let b = -9 + 10. Let r(h) = h - 5. Let g(m) = -1. Let p(k) = b*r(k) - 5*g(k). What is p(2)?
2
Let c(m) = 5 - 1 + 2 - 1 + m. What is c(-7)?
-2
Let g be 5/(5/(-2))*2. Let i = 7 + g. Let p(m) = m**3 - 3*m**2 - 2*m - 2. Give p(i).
-8
Let m be 0 + 0 + (3 - 1). Let v be (-3)/(-2)*m/1. Let o(t) = 70 - 273 + 73 + t + 68 + 64. Calculate o(v).
5
Let z(c) = -c**2 + 7*c - 4. Let j be z(5). Let l(r) = -3*r - 2. Let d(s) = -2*s - 2. Let y(v) = -4*d(v) + 3*l(v). Give y(j).
-4
Let q(p) = p**2 - 8*p + 9. Suppose -4*n - 4*x = 0, 2*n = -0*x - 5*x. Suppose n = 4*g - 25 - 31.